greatest common factor of 600 and s.
75
Let c(t) = -55*t**2 - 6*t. Let p be c(-4). Let h be p/(-40) - 2/5. What is the greatest common factor of h and 21?
21
Let t(o) = o**3 + o**2 - o. Let a be t(1). Let s be (60/18 + -4)/((-2)/9). Calculate the greatest common divisor of s and a.
1
Suppose -2*k + 1 = -21. Suppose 4*f - t - 168 = 0, -2*f + t + 82 = -0*t. Let b = f - k. What is the greatest common factor of 48 and b?
16
Let f(g) = g**2 - 1. Let s be f(-3). Let u(l) = 2*l**2 - 12*l + 7. Let k be u(s). Calculate the greatest common divisor of k and 26.
13
Let q = 519 + -495. Calculate the greatest common divisor of q and 12.
12
Let u = 146 - 126. Let n(y) = -y**3 - 3*y**2 + 3*y + 3. Let a be n(-4). Suppose -2*x = -a - 1. What is the highest common factor of x and u?
4
Let v = 18 + -15. Let b = 0 + v. Suppose -485 = -5*n + 5*w, -7*n = -b*n + 5*w - 406. What is the greatest common factor of n and 11?
11
Let d(q) be the second derivative of q**4/12 + 8*q**3/3 + 15*q**2/2 - q. Let u be d(-10). Let o = -39 - u. Calculate the greatest common factor of 3 and o.
3
Let j(u) = 3*u**2 + 2*u - 2*u**2 - 18 + 13. Let r be j(-4). Suppose 5*w = -3*z + 9*w + 25, 13 = r*z - w. What is the highest common factor of 24 and z?
3
Let q = -2 + 4. Let p = 41 - 14. Suppose 5*g = 4*o - 63, -q*o + g + p = -0*o. Calculate the highest common factor of 84 and o.
12
Let h = -30 + 75. Let y(m) = 91*m - 10 - 3 + m**2 - 100*m. Let t be y(11). Calculate the highest common divisor of h and t.
9
Suppose -10*k - 5*l + 64 = -9*k, 2*k = -2*l + 136. Calculate the highest common divisor of 36 and k.
3
Let x(i) = -i**2 - 29*i - 72. Let t be x(-23). Calculate the greatest common factor of 176 and t.
22
Suppose 8*f + 64 = 6*f. Let d = f - -134. Calculate the highest common factor of 6 and d.
6
Suppose 0 = -3*i - i + 64. Suppose -4*q + 170 = -238. Let u = -38 + q. What is the greatest common divisor of i and u?
16
Let g(f) be the first derivative of f**3 + 3*f**2/2 + 6*f + 32. Let l be g(-3). What is the greatest common factor of 24 and l?
24
Suppose -23 = -5*c - 2*o + 7, c - 5*o + 21 = 0. Let n be -49*(-3 + 1) + -3 + c. Calculate the highest common factor of 66 and n.
33
Let p = 105 - 87. What is the highest common divisor of p and 72?
18
Let c = 22 - -3. Suppose -3*b = 2*b - c, 0 = 3*d - 2*b - 38. Suppose d + 16 = 2*m. What is the highest common factor of m and 8?
8
Let z be 1/(11 - 8)*(-2 - -89). What is the highest common divisor of 1 and z?
1
Let m = 199 - 198. What is the greatest common divisor of m and 18?
1
Suppose f = -3*w + 11, -5*f - w - 15 = -0. Let p be f*(-4)/16*6. Let g(s) = 3*s + 15. Let i be g(13). What is the greatest common divisor of p and i?
6
Let x = -361 + 609. What is the highest common divisor of x and 31?
31
Let z be (2 - (-25)/(-10))/(1/122). Suppose 0 = 3*d + 90 - 588. Let j = z + d. Calculate the greatest common factor of 21 and j.
21
Let f be (-5)/25 + (-16)/(-5). Let t be ((-20)/f)/((-4)/6). Calculate the greatest common divisor of t and 30.
10
Let s(g) = 2*g**2 - 3*g + 3. Let u be s(4). Let d be (0 + (-30)/(-4))/(u/46). Calculate the greatest common factor of 60 and d.
15
Suppose -2 - 2 = -2*j. Suppose -3*q - 2*n + 210 = 0, -j*q = q - 3*n - 225. Calculate the highest common divisor of q and 18.
18
Suppose -3*h = -205 - 185. Suppose -5*k - 5*s = -h, -19 = -3*k + 5*s + 91. Calculate the greatest common factor of 20 and k.
10
Suppose -17*m + 17 = -1173. What is the greatest common factor of 735 and m?
35
Suppose -z + 17 = -34. What is the highest common factor of z and 9?
3
Let p(z) = -z**3 + 4*z**2 + 4*z + 4. Let i be p(-3). Suppose -2*v - 6 = 0, -3*l + 5*v = -47 - 34. What is the highest common divisor of l and i?
11
Let k be (-6)/(-4) + (-3)/(-6). Let s = 7 - k. Suppose 0 = 3*v + y - 59, y - 97 = -s*v - 2*y. What is the greatest common factor of 160 and v?
20
Suppose 7*n - 3*n + 4*p - 104 = 0, 0 = -3*n - 2*p + 75. Calculate the highest common factor of n and 299.
23
Let w be (-2)/9 + (-76)/(-18). Suppose 4*k - 2*s - 24 = s, -s = w. What is the greatest common divisor of 9 and k?
3
Suppose -11*w = 7*w - 8946. Calculate the greatest common divisor of w and 71.
71
Suppose -w + 65 = -5*j + 189, 0 = 3*j + w - 68. Let b be 3*(-52)/j*-6. Calculate the greatest common factor of 26 and b.
13
Suppose -2*l + 421 = 4*f + 35, -4*l = -2*f + 188. Calculate the highest common divisor of 216 and f.
24
Suppose -23*t = -2657 - 5646. Calculate the highest common divisor of t and 19.
19
Let y = -243 - -264. Let u(d) = d**2 - d - 3. Let a be u(3). Calculate the highest common divisor of a and y.
3
Suppose -20*w = -17*w - 15. Let j be w + 1 + (8 - 4). Calculate the highest common divisor of j and 90.
10
Let y = 94 - -50. Suppose -15*m + 768 = 17*m. Calculate the greatest common divisor of y and m.
24
Let i be (-1)/3 - 8/(-6). Let a be (32/i)/((-1)/(-2)). Suppose -28 - 20 = -3*n + 4*m, 3*m = 4*n - a. What is the greatest common factor of 128 and n?
16
Suppose 8*i = 13*i. Suppose i = c + 5*c - 150. Suppose 3*n - c = -2*n. Calculate the greatest common divisor of n and 25.
5
Let b be 21564/63 + 6/(-21). Calculate the highest common divisor of 36 and b.
18
Let p be (1/3*13)/((-270)/(-1620)). What is the greatest common divisor of p and 52?
26
Let d be -5 - (-5 + (7 - 62)). What is the highest common factor of d and 99?
11
Suppose 0*o = -5*j + 4*o + 385, -o + 167 = 2*j. Suppose -120*p + 81 = -111*p. What is the greatest common factor of p and j?
9
Suppose r = -18 + 41. Suppose 4*k - 3*h - 124 = 0, -2*k + 85 = -5*h + r. What is the highest common factor of k and 62?
31
Let t(j) = j**3 + 3*j**2 - 5*j - 3. Let a be t(-4). Suppose 0*m - 1 = -m, 0 = -4*k - m + a. Let s = k - -2. Calculate the highest common divisor of s and 2.
2
Suppose 3*b + 5*m = -485 - 281, 5*b + 1330 = 5*m. Let c = b + 586. Suppose -2*x = -166 - c. What is the highest common factor of 35 and x?
35
Suppose 2*w + w - 558 = 5*k, -3*w + k = -558. What is the greatest common factor of 12 and w?
6
Let f(n) = -4*n - 7. Suppose 4*x = -91 - 29. Let o = x + 17. Let a be f(o). What is the greatest common factor of 5 and a?
5
Suppose 25*a + 2457 = 9832. What is the highest common divisor of 118 and a?
59
Let w = -17 - -32. Let b = w + -9. Calculate the highest common divisor of 54 and b.
6
Suppose 3*g + 51 = 3*d, -d + 29 = -4*g - 3. Let i = 67 - -185. Suppose 5*j + i = 3*y + j, 3*y - 252 = 2*j. Calculate the greatest common factor of y and d.
12
Let o(k) = 399*k + 59. Let y be o(3). What is the highest common divisor of 8 and y?
8
Let n = 12 + -32. Let m(c) = -c**3 + 2*c**2 + 1. Let b be m(-3). Let d = n + b. Calculate the highest common factor of d and 182.
26
Let o be ((-5)/(-5))/((15/1008)/5). Calculate the greatest common divisor of o and 21.
21
Suppose -x + 5*y - 9 = 3*x, -3*x - 5*y = -37. Suppose 16 = w - x*g - 3, 3*w + 4*g + 7 = 0. Suppose 15 = a + w. Calculate the greatest common factor of a and 48.
12
Suppose 0 = 4*c + 16 - 88. Suppose -y - 6 = -c. Let m(v) = 7*v**2 - 1. Let o be m(1). What is the highest common factor of o and y?
6
Suppose 0 = -10*k - 51 + 231. What is the highest common factor of 135 and k?
9
Suppose 9*u - 7*u - 558 = 0. Suppose f - 14 = 17. Calculate the highest common factor of u and f.
31
Let v = -3 + 4. Suppose 0 = -r + v. What is the highest common factor of r and 5?
1
Let p(j) = 1 - 8*j - j - 4 + j + 5*j**2 + j**3. Let g be p(-6). Let t = 3 + g. What is the greatest common factor of 132 and t?
12
Suppose 2*c - 5*c - 3*k + 21 = 0, -5*c - 2*k + 41 = 0. Suppose -2*b + 6*b = 18*b - 126. What is the highest common factor of c and b?
9
Let d be (-8 + -1)*(-32)/24. Let f be 1/(-4) - (-25)/4. Calculate the greatest common divisor of f and d.
6
Let a(z) = -z**3 + 2*z**2 + 15*z + 3. Let n be a(5). Suppose 0 = c, -3*v + 32 = -n*c - 40. What is the greatest common divisor of v and 8?
8
Let d be (-30)/(-18)*(0 + 3). Suppose 7*c = d*c + 24. What is the greatest common divisor of c and 108?
12
Let j be (8/(-6))/((-16)/72). Suppose 2*b = j*b - 80. Suppose -3*u = -d + b, 2*u = 3*d + u - 36. Calculate the highest common divisor of d and 88.
11
Let d = 324 - 313. Calculate the greatest common divisor of 319 and d.
11
Let p be 52 - (-4)/(12/9). Suppose 5 + 38 = 5*k + 4*v, 3*k + 3*v = 24. What is the highest common